{"id":15,"date":"2020-01-06T15:32:47","date_gmt":"2020-01-06T15:32:47","guid":{"rendered":"http:\/\/mnohosten.cz\/?page_id=15"},"modified":"2023-05-08T22:09:22","modified_gmt":"2023-05-08T22:09:22","slug":"jak-pracujeme","status":"publish","type":"page","link":"https:\/\/mnohosten.cz\/?page_id=15","title":{"rendered":"Jak pracujeme"},"content":{"rendered":"<div class=\"fusion-fullwidth fullwidth-box fusion-builder-row-1 fusion-flex-container hundred-percent-fullwidth non-hundred-percent-height-scrolling\" style=\"background-color: rgba(255,255,255,0);background-image:linear-gradient(0deg, #fafafa 0%,rgba(255,255,255,0) 0%);background-position: center center;background-repeat: no-repeat;border-width: 0px 0px 0px 0px;border-color:#ffffff;border-style:solid;\" ><div class=\"fusion-builder-row fusion-row fusion-flex-align-items-flex-start\" style=\"width:104% !important;max-width:104% !important;margin-left: calc(-4% \/ 2 );margin-right: calc(-4% \/ 2 );\"><div class=\"fusion-layout-column fusion_builder_column fusion-builder-column-0 fusion_builder_column_1_1 1_1 fusion-flex-column fusion-flex-align-self-center\"><div class=\"fusion-column-wrapper fusion-flex-justify-content-flex-start fusion-content-layout-column\" style=\"background-position:left top;background-repeat:no-repeat;-webkit-background-size:cover;-moz-background-size:cover;-o-background-size:cover;background-size:cover;padding: 0px 0px 0px 0px;\"><div class=\"fusion-text fusion-text-1\" style=\"transform:translate3d(0,0,0);\"><h2>Jak pracujeme<\/h2>\n<\/div><div class=\"fusion-text fusion-text-2\" style=\"transform:translate3d(0,0,0);\"><p>N\u00e1vrhy jsou v\u00fdsledkem nejen na\u0161\u00ed kreativity a zku\u0161enost\u00ed, ale p\u0159edev\u0161\u00edm spole\u010dn\u00e9 komunikace s V\u00e1mi. Vyu\u017e\u00edv\u00e1me n\u00e1\u0161 osv\u011bd\u010den\u00fd postup, kter\u00fd V\u00e1s provede cel\u00fdm procesem n\u00e1vrhu, a\u0165 u\u017e jde o d\u016fm, produkt nebo interi\u00e9r.<\/p>\n<\/div><div ><span class=\" fusion-imageframe imageframe-none imageframe-1 hover-type-none\"><img decoding=\"async\" width=\"1200\" height=\"1200\" src=\"http:\/\/mnohosten.cz\/wp-content\/uploads\/2021\/05\/FINAL-1200x1200.jpg\" class=\"img-responsive wp-image-3008\" srcset=\"https:\/\/mnohosten.cz\/wp-content\/uploads\/2021\/05\/FINAL-200x200.jpg 200w, https:\/\/mnohosten.cz\/wp-content\/uploads\/2021\/05\/FINAL-400x400.jpg 400w, https:\/\/mnohosten.cz\/wp-content\/uploads\/2021\/05\/FINAL-600x600.jpg 600w, https:\/\/mnohosten.cz\/wp-content\/uploads\/2021\/05\/FINAL-800x800.jpg 800w, https:\/\/mnohosten.cz\/wp-content\/uploads\/2021\/05\/FINAL-1200x1200.jpg 1200w, https:\/\/mnohosten.cz\/wp-content\/uploads\/2021\/05\/FINAL-scaled.jpg 2560w\" sizes=\"(max-width: 640px) 100vw, 1200px\" \/><\/span><\/div><div class=\"fusion-builder-row fusion-builder-row-inner fusion-row fusion-flex-align-items-flex-start\" style=\"width:104% !important;max-width:104% !important;margin-left: calc(-4% \/ 2 );margin-right: calc(-4% \/ 2 );\"><div class=\"fusion-layout-column fusion_builder_column_inner fusion-builder-nested-column-0 fusion_builder_column_inner_1_1 1_1 fusion-flex-column fusion-column-inner-bg-wrapper fusion-animated\" data-animationType=\"fadeInUp\" data-animationDuration=\"0.8\" data-animationOffset=\"100%\"><div class=\"fusion-column-wrapper fusion-flex-justify-content-flex-start fusion-content-layout-column\" style=\"padding: 28px 40px 28px 40px;\"><div class=\"fusion-text fusion-text-3 paragraph-small\" style=\"transform:translate3d(0,0,0);\"><p style=\"font-size: 16px; text-transform: uppercase; line-height: 26px; margin-bottom: 0px; letter-spacing: normal; font-family: 'Miriam Libre'; font-weight: 400; color: #ffffff; text-align: center;\" data-fusion-font=\"true\" data-fusion-google-font=\"Miriam Libre\" data-fusion-google-variant=\"400\" data-fusion-google-subset=\"latin\">o n\u00e1s<\/p>\n<\/div><\/div><span class=\"fusion-column-inner-bg hover-type-zoomin\"><a href=\"https:\/\/mnohosten.cz\/?page_id=17\"><span class=\"fusion-column-inner-bg-image\" style=\"background-color:#181b20;background-position:left top;background-repeat:no-repeat;-webkit-background-size:cover;-moz-background-size:cover;-o-background-size:cover;background-size:cover;\"><\/span><\/a><\/span><\/div><style type=\"text\/css\">.fusion-body .fusion-builder-nested-column-0{width:100% !important;margin-top : 0px;margin-bottom : 0px;}.fusion-builder-nested-column-0 > .fusion-column-wrapper {padding-top : 28px !important;padding-right : 40px !important;margin-right : 1.92%;padding-bottom : 28px !important;padding-left : 40px !important;margin-left : 1.92%;}.fusion-flex-container .fusion-row .fusion-builder-nested-column-0 > .fusion-column-inner-bg { margin-right:1.92%;margin-left:1.92%; }@media only screen and (max-width:1024px) {.fusion-body .fusion-builder-nested-column-0{width:100% !important;}.fusion-builder-nested-column-0 > .fusion-column-wrapper {margin-right : 1.92%;margin-left : 1.92%;}.fusion-flex-container .fusion-row .fusion-builder-nested-column-0 > .fusion-column-inner-bg { margin-right:1.92%;margin-left:1.92%; }}@media only screen and (max-width:640px) {.fusion-body .fusion-builder-nested-column-0{width:100% !important;}.fusion-builder-nested-column-0 > .fusion-column-wrapper {margin-right : 1.92%;margin-left : 1.92%;}.fusion-flex-container .fusion-row .fusion-builder-nested-column-0 > .fusion-column-inner-bg { margin-right:1.92%;margin-left:1.92%; }}<\/style><\/div><\/div><\/div><style type=\"text\/css\">.fusion-body .fusion-builder-column-0{width:100% !important;margin-top : 0px;margin-bottom : 0px;}.fusion-builder-column-0 > .fusion-column-wrapper {padding-top : 0px !important;padding-right : 0 !important;margin-right : 0%;padding-bottom : 0px !important;padding-left : 0 !important;margin-left : 0%;}@media only screen and (max-width:1024px) {.fusion-body .fusion-builder-column-0{width:100% !important;}.fusion-builder-column-0 > .fusion-column-wrapper {margin-right : 1.92%;margin-left : 0%;}}@media only screen and (max-width:640px) {.fusion-body .fusion-builder-column-0{width:100% !important;margin-bottom : 60px;}.fusion-builder-column-0 > .fusion-column-wrapper {margin-right : 1.92%;margin-left : 1.92%;}}<\/style><div class=\"fusion-layout-column fusion_builder_column fusion-builder-column-1 fusion_builder_column_1_1 1_1 fusion-flex-column\"><div class=\"fusion-column-wrapper fusion-flex-justify-content-flex-start fusion-content-layout-column\" style=\"background-position:left top;background-repeat:no-repeat;-webkit-background-size:cover;-moz-background-size:cover;-o-background-size:cover;background-size:cover;padding: 4% 0px 4% 0px;\"><div class=\"fusion-text fusion-text-4\" style=\"transform:translate3d(0,0,0);\"><h3>1\/ Identifikace kl\u00ed\u010dov\u00fdch po\u017eadavk\u016f<\/h3>\n<\/div><div class=\"fusion-text fusion-text-5\" style=\"text-align:left;transform:translate3d(0,0,0);\"><p>V p\u0159\u00edpad\u011b architektonick\u00e9ho navrhov\u00e1n\u00ed se odehr\u00e1v\u00e1 ide\u00e1ln\u011b p\u0159\u00edmo na pozemku \u010di v interi\u00e9ru domu. V p\u0159\u00edpad\u011b produktov\u00e9ho designu r\u00e1di nav\u0161t\u00edv\u00edme Va\u0161i spole\u010dnost nebo je\u0161t\u011b l\u00e9pe samotnou v\u00fdrobu. <span style=\"background-color: rgba(255, 255, 255, 0); color: var(--body_typography-color); font-family: var(--body_typography-font-family); font-size: var(--body_typography-font-size); font-style: var(--body_typography-font-style,normal); font-weight: var(--body_typography-font-weight); letter-spacing: var(--body_typography-letter-spacing);\">Z\u00edsk\u00e1me tak lep\u0161\u00ed p\u0159edstavu o zad\u00e1n\u00ed v \u0161ir\u0161\u00edm kontextu, vyslechneme si Va\u0161e p\u0159\u00e1n\u00ed a vysv\u011btl\u00edme V\u00e1m souvisej\u00edc\u00ed procesy.<\/span><\/p>\n<\/div><div class=\"fusion-text fusion-text-6\" style=\"transform:translate3d(0,0,0);\"><h3>2\/ Skica<\/h3>\n<\/div><div class=\"fusion-text fusion-text-7\" style=\"transform:translate3d(0,0,0);\"><p>Pravd\u011bpodobn\u011b nejd\u016fle\u017eit\u011bj\u0161\u00ed setk\u00e1n\u00ed, kdy p\u0159edstav\u00edme sm\u011br \u0159e\u0161en\u00ed<br \/>\na hled\u00e1me s V\u00e1mi vz\u00e1jemn\u00e9 porozum\u011bn\u00ed. V\u017edy usilujeme o spokojenost se spoluprac\u00ed na obou stran\u00e1ch.<\/p>\n<\/div><div class=\"fusion-text fusion-text-8\" style=\"transform:translate3d(0,0,0);\"><h3>3\/ N\u00e1vrh<\/h3>\n<\/div><div class=\"fusion-text fusion-text-9\" style=\"transform:translate3d(0,0,0);\"><p>V t\u00e9to f\u00e1zi projdeme krok po kroku na\u0161e navrhovan\u00e9 \u0159e\u0161en\u00ed. V p\u0159\u00edpad\u011b architektury jsou to dispozice, konstrukce, napln\u011bn\u00ed po\u017eadovan\u00e9ho objemu vyu\u017eit\u00ed a jednotliv\u00e9 fin\u00e1ln\u00ed materi\u00e1ly. Navrhneme vhodn\u00fd syst\u00e9m vyt\u00e1p\u011bn\u00ed, chlazen\u00ed a dal\u0161\u00ed nezbytn\u00e9 sou\u010d\u00e1sti projektu.<br \/>\nV p\u0159\u00edpad\u011b n\u00e1vrhu produktu jde p\u0159edev\u0161\u00edm o tvarov\u00e9 \u0159e\u0161en\u00ed a v\u00fdb\u011br pou\u017eit\u00fdch materi\u00e1l\u016f a technologi\u00ed v\u00fdroby. P\u0159i navrhov\u00e1n\u00ed respektujeme st\u00e1vaj\u00edc\u00ed portfolio zadavatele, vych\u00e1z\u00edme ze z\u00e1klad\u016f ergonomie a sna\u017e\u00edme se o \u0161etrnost produkt\u016f v\u016f\u010di \u017eivotn\u00edmu prost\u0159ed\u00ed.<br \/>\nNavrhujeme v\u017edy s p\u0159ihl\u00e9dnut\u00edm k Va\u0161emu rozpo\u010dtu, kter\u00fd chcete do nemovitosti \u010di produktu investovat.<\/p>\n<\/div><div class=\"fusion-text fusion-text-10\" style=\"transform:translate3d(0,0,0);\"><h3>4\/ Povolovac\u00ed \/ realiza\u010dn\u00ed \/ v\u00fdrobn\u00ed dokumentace<\/h3>\n<\/div><div class=\"fusion-text fusion-text-11\" style=\"transform:translate3d(0,0,0);\"><p>V t\u00e9to f\u00e1zi m\u00e1me odsouhlasen\u00e9 v\u0161echny po\u017eadavky z Va\u0161\u00ed strany a do procesu zveme dal\u0161\u00ed odborn\u00edky. Spolu s nimi zpracujeme dal\u0161\u00ed dokumentace nutn\u00e9 k povolen\u00ed a k v\u00fdb\u011bru dodavatele stavby nebo v\u00fdrob\u011b produktu.<\/p>\n<\/div><div class=\"fusion-text fusion-text-12\" style=\"transform:translate3d(0,0,0);\"><h3>5\/ <span style=\"font-family: 'Miriam Libre'; font-weight: 400;\" data-fusion-font=\"true\" data-fusion-google-font=\"Miriam Libre\" data-fusion-google-variant=\"400\">\u0158\u00edzen\u00ed p<\/span>rojektu<\/h3>\n<\/div><div class=\"fusion-text fusion-text-13\" style=\"transform:translate3d(0,0,0);\"><p>Dokon\u010den\u00fdm n\u00e1vrhem na\u0161e pr\u00e1ce nekon\u010d\u00ed. Nab\u00edz\u00edme\u00a0tzv. autorsk\u00e9 veden\u00ed. Prov\u00e1d\u00edme kontroln\u00ed dny na stavb\u011b \u010di dohled nad v\u00fdrobou produktu. Jsme k dispozici p\u0159i \u0159e\u0161en\u00ed probl\u00e9m\u016f, kter\u00e9 mohou nastat.<\/p>\n<\/div><\/div><\/div><style type=\"text\/css\">.fusion-body .fusion-builder-column-1{width:100% !important;margin-top : 0%;margin-bottom : 0px;}.fusion-builder-column-1 > .fusion-column-wrapper {padding-top : 4% !important;padding-right : 0px !important;margin-right : 0%;padding-bottom : 4% !important;padding-left : 0px !important;margin-left : 0%;}@media only screen and (max-width:1024px) {.fusion-body .fusion-builder-column-1{width:100% !important;margin-top : 2%;}.fusion-builder-column-1 > .fusion-column-wrapper {margin-right : 0%;margin-left : 0%;}}@media only screen and (max-width:640px) {.fusion-body .fusion-builder-column-1{width:100% !important;}.fusion-builder-column-1 > .fusion-column-wrapper {margin-right : 0%;margin-left : 1.92%;}}<\/style><\/div><style type=\"text\/css\">.fusion-body .fusion-flex-container.fusion-builder-row-1{ padding-top : 0%;margin-top : 0px;padding-right : 4%;padding-bottom : 0px;margin-bottom : 0px;padding-left : 4%;}@media only screen and (max-width:640px) {.fusion-body .fusion-flex-container.fusion-builder-row-1{ padding-right : 4%;padding-left : 4%;}}<\/style><\/div>\n","protected":false},"excerpt":{"rendered":"","protected":false},"author":1,"featured_media":0,"parent":0,"menu_order":0,"comment_status":"closed","ping_status":"closed","template":"100-width.php","meta":{"_monsterinsights_skip_tracking":false,"_monsterinsights_sitenote_active":false,"_monsterinsights_sitenote_note":"","_monsterinsights_sitenote_category":0,"footnotes":""},"yoast_head":"<!-- This site is optimized with the Yoast SEO plugin v22.1 - https:\/\/yoast.com\/wordpress\/plugins\/seo\/ -->\n<title>Jak pracujeme &#8211; Mnohost\u011bn<\/title>\n<meta name=\"robots\" content=\"index, follow, max-snippet:-1, max-image-preview:large, max-video-preview:-1\" \/>\n<link rel=\"canonical\" href=\"https:\/\/mnohosten.cz\/?page_id=15\" \/>\n<meta property=\"og:locale\" content=\"cs_CZ\" \/>\n<meta property=\"og:type\" content=\"article\" \/>\n<meta property=\"og:title\" content=\"Jak pracujeme &#8211; Mnohost\u011bn\" \/>\n<meta property=\"og:url\" content=\"https:\/\/mnohosten.cz\/?page_id=15\" \/>\n<meta property=\"og:site_name\" content=\"Mnohost\u011bn\" \/>\n<meta property=\"article:modified_time\" content=\"2023-05-08T22:09:22+00:00\" \/>\n<meta name=\"twitter:card\" content=\"summary_large_image\" \/>\n<meta name=\"twitter:label1\" content=\"Odhadovan\u00e1 doba \u010dten\u00ed\" \/>\n\t<meta name=\"twitter:data1\" content=\"4 minuty\" \/>\n<script type=\"application\/ld+json\" class=\"yoast-schema-graph\">{\"@context\":\"https:\/\/schema.org\",\"@graph\":[{\"@type\":\"WebPage\",\"@id\":\"https:\/\/mnohosten.cz\/?page_id=15\",\"url\":\"https:\/\/mnohosten.cz\/?page_id=15\",\"name\":\"Jak pracujeme &#8211; Mnohost\u011bn\",\"isPartOf\":{\"@id\":\"https:\/\/mnohosten.cz\/#website\"},\"datePublished\":\"2020-01-06T15:32:47+00:00\",\"dateModified\":\"2023-05-08T22:09:22+00:00\",\"breadcrumb\":{\"@id\":\"https:\/\/mnohosten.cz\/?page_id=15#breadcrumb\"},\"inLanguage\":\"cs\",\"potentialAction\":[{\"@type\":\"ReadAction\",\"target\":[\"https:\/\/mnohosten.cz\/?page_id=15\"]}]},{\"@type\":\"BreadcrumbList\",\"@id\":\"https:\/\/mnohosten.cz\/?page_id=15#breadcrumb\",\"itemListElement\":[{\"@type\":\"ListItem\",\"position\":1,\"name\":\"Dom\u016f\",\"item\":\"https:\/\/mnohosten.cz\/\"},{\"@type\":\"ListItem\",\"position\":2,\"name\":\"Jak pracujeme\"}]},{\"@type\":\"WebSite\",\"@id\":\"https:\/\/mnohosten.cz\/#website\",\"url\":\"https:\/\/mnohosten.cz\/\",\"name\":\"Mnohost\u011bn\",\"description\":\"Architektonick\u00e9 a design\u00e9rsk\u00e9 studio\",\"publisher\":{\"@id\":\"https:\/\/mnohosten.cz\/#organization\"},\"potentialAction\":[{\"@type\":\"SearchAction\",\"target\":{\"@type\":\"EntryPoint\",\"urlTemplate\":\"https:\/\/mnohosten.cz\/?s={search_term_string}\"},\"query-input\":\"required name=search_term_string\"}],\"inLanguage\":\"cs\"},{\"@type\":\"Organization\",\"@id\":\"https:\/\/mnohosten.cz\/#organization\",\"name\":\"Mnohost\u011bn\",\"url\":\"https:\/\/mnohosten.cz\/\",\"logo\":{\"@type\":\"ImageObject\",\"inLanguage\":\"cs\",\"@id\":\"https:\/\/mnohosten.cz\/#\/schema\/logo\/image\/\",\"url\":\"http:\/\/mnohosten.cz\/wp-content\/uploads\/2021\/06\/LOGO-400x105-2.png\",\"contentUrl\":\"http:\/\/mnohosten.cz\/wp-content\/uploads\/2021\/06\/LOGO-400x105-2.png\",\"width\":400,\"height\":105,\"caption\":\"Mnohost\u011bn\"},\"image\":{\"@id\":\"https:\/\/mnohosten.cz\/#\/schema\/logo\/image\/\"}}]}<\/script>\n<!-- \/ Yoast SEO plugin. -->","yoast_head_json":{"title":"Jak pracujeme &#8211; Mnohost\u011bn","robots":{"index":"index","follow":"follow","max-snippet":"max-snippet:-1","max-image-preview":"max-image-preview:large","max-video-preview":"max-video-preview:-1"},"canonical":"https:\/\/mnohosten.cz\/?page_id=15","og_locale":"cs_CZ","og_type":"article","og_title":"Jak pracujeme &#8211; Mnohost\u011bn","og_url":"https:\/\/mnohosten.cz\/?page_id=15","og_site_name":"Mnohost\u011bn","article_modified_time":"2023-05-08T22:09:22+00:00","twitter_card":"summary_large_image","twitter_misc":{"Odhadovan\u00e1 doba \u010dten\u00ed":"4 minuty"},"schema":{"@context":"https:\/\/schema.org","@graph":[{"@type":"WebPage","@id":"https:\/\/mnohosten.cz\/?page_id=15","url":"https:\/\/mnohosten.cz\/?page_id=15","name":"Jak pracujeme &#8211; Mnohost\u011bn","isPartOf":{"@id":"https:\/\/mnohosten.cz\/#website"},"datePublished":"2020-01-06T15:32:47+00:00","dateModified":"2023-05-08T22:09:22+00:00","breadcrumb":{"@id":"https:\/\/mnohosten.cz\/?page_id=15#breadcrumb"},"inLanguage":"cs","potentialAction":[{"@type":"ReadAction","target":["https:\/\/mnohosten.cz\/?page_id=15"]}]},{"@type":"BreadcrumbList","@id":"https:\/\/mnohosten.cz\/?page_id=15#breadcrumb","itemListElement":[{"@type":"ListItem","position":1,"name":"Dom\u016f","item":"https:\/\/mnohosten.cz\/"},{"@type":"ListItem","position":2,"name":"Jak pracujeme"}]},{"@type":"WebSite","@id":"https:\/\/mnohosten.cz\/#website","url":"https:\/\/mnohosten.cz\/","name":"Mnohost\u011bn","description":"Architektonick\u00e9 a design\u00e9rsk\u00e9 studio","publisher":{"@id":"https:\/\/mnohosten.cz\/#organization"},"potentialAction":[{"@type":"SearchAction","target":{"@type":"EntryPoint","urlTemplate":"https:\/\/mnohosten.cz\/?s={search_term_string}"},"query-input":"required name=search_term_string"}],"inLanguage":"cs"},{"@type":"Organization","@id":"https:\/\/mnohosten.cz\/#organization","name":"Mnohost\u011bn","url":"https:\/\/mnohosten.cz\/","logo":{"@type":"ImageObject","inLanguage":"cs","@id":"https:\/\/mnohosten.cz\/#\/schema\/logo\/image\/","url":"http:\/\/mnohosten.cz\/wp-content\/uploads\/2021\/06\/LOGO-400x105-2.png","contentUrl":"http:\/\/mnohosten.cz\/wp-content\/uploads\/2021\/06\/LOGO-400x105-2.png","width":400,"height":105,"caption":"Mnohost\u011bn"},"image":{"@id":"https:\/\/mnohosten.cz\/#\/schema\/logo\/image\/"}}]}},"_links":{"self":[{"href":"https:\/\/mnohosten.cz\/index.php?rest_route=\/wp\/v2\/pages\/15"}],"collection":[{"href":"https:\/\/mnohosten.cz\/index.php?rest_route=\/wp\/v2\/pages"}],"about":[{"href":"https:\/\/mnohosten.cz\/index.php?rest_route=\/wp\/v2\/types\/page"}],"author":[{"embeddable":true,"href":"https:\/\/mnohosten.cz\/index.php?rest_route=\/wp\/v2\/users\/1"}],"replies":[{"embeddable":true,"href":"https:\/\/mnohosten.cz\/index.php?rest_route=%2Fwp%2Fv2%2Fcomments&post=15"}],"version-history":[{"count":32,"href":"https:\/\/mnohosten.cz\/index.php?rest_route=\/wp\/v2\/pages\/15\/revisions"}],"predecessor-version":[{"id":3989,"href":"https:\/\/mnohosten.cz\/index.php?rest_route=\/wp\/v2\/pages\/15\/revisions\/3989"}],"wp:attachment":[{"href":"https:\/\/mnohosten.cz\/index.php?rest_route=%2Fwp%2Fv2%2Fmedia&parent=15"}],"curies":[{"name":"wp","href":"https:\/\/api.w.org\/{rel}","templated":true}]}}